 by t(-20).
44
Let x = -6912 + 6944. What is the remainder when 758 is divided by x?
22
Let n(d) = d**2 + 15*d - 89. Let g(r) = 4*r**2 - 3*r + 4. What is the remainder when n(-21) is divided by g(2)?
9
Let f = -1171 - -1251. What is the remainder when 488 is divided by f?
8
Suppose 0 = 4*t + 12, -2*f - 3*f = -2*t + 84. Let k = 44 + f. Suppose 53 = 3*y + k. What is the remainder when y is divided by 4?
1
What is the remainder when 2361/5 + 28 + (-2256)/80 is divided by 45?
22
Let z(o) = 2*o**2 + 116*o - 894. What is the remainder when z(-80) is divided by 36?
34
Let u(g) = -23*g - 177. Let j be u(-20). Suppose 3*t = 2*x - 547, 826 + j = 4*x - t. Calculate the remainder when x is divided by 31.
30
Suppose -2*n = 7*n - 54. Suppose -n*p = p - 42. Let q(f) = f + 8. Calculate the remainder when 165 is divided by q(p).
11
Let c = 225 - 230. Calculate the remainder when ((-5)/25)/((-1)/c) + 345 is divided by 15.
14
Suppose -3*p - h - 1619 = 530, -4*h + 2159 = -3*p. Let q = p - -762. Calculate the remainder when 119 is divided by q.
29
Let m = 14249 + -13304. Calculate the remainder when m is divided by 33.
21
Suppose -c + 2*h - 5 = -9, 4*c + h = 25. What is the remainder when ((5 + -4)*-3)/(c/(-50)) is divided by 3*4 + (-1 - -2)?
12
Let l(s) be the first derivative of -s**2/2 - 6*s - 1. Let k = 1119 + -1132. What is the remainder when 26 is divided by l(k)?
5
Suppose -234*o = -230*o - 16, -5*n + 732 = 3*o. Calculate the remainder when n is divided by 39.
27
Let h(d) = -925*d - 7075. What is the remainder when h(-12) is divided by 19?
16
Suppose 71*f = -67*f + 127*f + 1408. What is the remainder when f is divided by 73?
55
Let u = -25477 - -25660. What is the remainder when 843 is divided by u?
111
Suppose -1533 - 963 = -26*s. What is the remainder when s is divided by ((-8)/10)/(18/(-315))?
12
What is the remainder when 1045 + (2/(-3) - (-17)/(51/(-4))) is divided by 9?
8
Let v be -1 + -3 + -6 + 12. What is the remainder when (-7 - -48) + v*(-1)/2 is divided by 22?
18
Let g(m) = -m - 2. Let h be g(-6). Suppose -p - 74 = -6*p + q, h*p = q + 59. What is the remainder when ((-1*54)/(660/88))/((-2)/15) is divided by p?
9
Suppose 4 = 19*k - 17*k. Suppose 21 = -g - k*g. Let l = g - -17. Calculate the remainder when l is divided by 7.
3
Let z(d) = 2*d + 93. Let y(v) = v + 46. Let j(f) = 7*y(f) - 3*z(f). Let i(n) = -4*n - 19. What is the remainder when j(18) is divided by i(-10)?
19
Suppose 26*v + 8911 = -6*v + 31439. Calculate the remainder when v is divided by 248.
208
Let r(i) = i**2 - 10*i - 98. Calculate the remainder when 1655 is divided by r(18).
45
Let z(j) = j**2 + 781*j + 87. What is the remainder when 2694 is divided by z(0)?
84
Let j(o) = -19*o - 1. Let f be j(8). Let s = 224 + f. Suppose 3*l + 0*l - 4*u - s = 0, -5*l + 127 = 2*u. Calculate the remainder when 99 is divided by l.
24
Let j be (-2)/((-8)/(-28)) - -2. Suppose -3*n + 5*l = 8, l - 3*l + 6 = -4*n. What is the remainder when (j/5)/(n/133) is divided by 34?
31
Let f(o) = -50*o**3 - 2*o - 1. Let x = 3840 - 3588. Calculate the remainder when x is divided by f(-1).
48
Let y = -79 - -98. Let v(j) = 2*j + 13. Let u be v(-9). Calculate the remainder when y is divided by (-182)/(-70) - ((-3)/u + -1).
1
Let p(t) = 8*t + 179. Let c be p(-9). Suppose -7*f + 247 = c. What is the remainder when 56 is divided by f?
16
Suppose 32*g - 30*g = 28. Suppose -10*a - 48 = -14*a. Calculate the remainder when (1/(-2))/(g/(-1316)) is divided by a.
11
Let i = 62 - 50. Let a = i + -12. Suppose a = 2*b + b - 66. What is the remainder when 87 is divided by b?
21
Let n(z) = z**3 - 66*z**2 + 182*z + 584. What is the remainder when n(63) is divided by 61?
21
Let b = 4 - -2. Let r(c) = -902*c**3 + c**2 - 2*c - 3. Let a be r(-1). Let k = a + -839. Calculate the remainder when k is divided by b.
3
Let f(c) = -2*c**3 + 29*c**2 - 15*c + 36. What is the remainder when 1251 is divided by f(14)?
19
Calculate the remainder when 395 is divided by (-824)/(-50)*4 - (-186)/2325.
65
Let a(c) = -7*c + 16*c**2 + 4*c**3 - 3*c**3 + 2*c + 10 - 15*c. Let k be (-3 - (-4 + -2)) + 420/(-21). What is the remainder when a(k) is divided by 21?
19
Suppose -4*o + 18*j = 21*j - 38, -2*o - 2*j + 18 = 0. Calculate the remainder when 14 is divided by o + 0 - (66/(-11) - -6).
3
Suppose -1 - 13 = -x. Let q(a) = a + 76. What is the remainder when q(-17) is divided by (-94)/(-8) + x/56?
11
Let y = 38 + -43. Suppose 79 = d + 3*d - p, 4*p - 84 = -4*d. Calculate the remainder when d is divided by (1/3)/(y*4/(-660)).
9
Let u(t) = 3*t + 8. Let j be u(-6). Calculate the remainder when (-4)/(-20) + (-1038)/j is divided by (140/12)/((-3)/(7 - 16)).
34
Let j = -626 + 637. Suppose j*m - 30 = 69. Calculate the remainder when 250 is divided by m.
7
Let o be 1/6*2*15. Let f(b) = b**2 - 2*b - 11. Let n be f(o). Suppose -5*v + 69 = n*c - 2*c, -15 = 3*v. What is the remainder when c is divided by 10?
7
Let s(x) = -x - 3. Suppose -5*b - b = 438. Let m = 63 + b. What is the remainder when 18 is divided by s(m)?
4
Suppose -o - 25*n + 22*n = -98, 2*o - 168 = n. Suppose -o = 15*l - 626. What is the remainder when 465 is divided by l?
33
Let j(g) = 221*g - 2255. What is the remainder when 16719 is divided by j(11)?
175
Let s = 1218 + -522. Calculate the remainder when s is divided by 3.
0
Suppose -2*w + 175 = 55. What is the remainder when w is divided by -14 + 18 + 13 + -12?
0
Let m(f) = 2*f - 80. What is the remainder when 6246 is divided by m(62)?
42
Let o(u) be the second derivative of 13*u**4/12 - 13*u**3/6 - 9*u**2/2 + 176*u. Calculate the remainder when o(-7) is divided by 60.
59
Let j(z) be the first derivative of -z**3/3 - 27*z**2/2 - 10*z - 17. Let c be j(-20). Calculate the remainder when 38 is divided by (c/20)/(2/4).
12
Suppose 3*r - 4*f - 7 = 6, 0 = -r + 4*f - 1. Suppose -r*i - 2*o = -6*i - 79, 2*i = -3*o + 155. What is the remainder when i is divided by 13?
8
Let x = 282 - 419. Let y = x - -155. What is the remainder when 269 is divided by y?
17
Suppose 84*f - 10 = 82*f. Suppose 0 - 4 = 2*n. Let o = 1 - n. Calculate the remainder when f is divided by o.
2
Suppose 2*t - 578 = -2*a, 3*a - 38 - 237 = -t. What is the remainder when t is divided by 14?
2
Let q(v) = -5*v**3 + 5*v**2 + 96*v + 728. Calculate the remainder when q(-9) is divided by 178.
176
What is the remainder when 3615 is divided by (2 + -2 + 5*4/(-20))*-47?
43
Let q = 73 - -30. What is the remainder when q is divided by (-320)/(-64) + 4 + -1 + -7 + 36?
29
What is the remainder when 1239 is divided by 36/(-3 + (-99)/(-27))?
51
Suppose -2*q = -2*i + 68, -2*i + 7*i + 4*q = 170. Suppose l = -14 + 20. Calculate the remainder when i is divided by l.
4
Calculate the remainder when (-1294*3/6)/((-75)/300) is divided by 857.
17
Let o(s) = s**2 + 25*s - 142. Suppose 3*h = 20*h - 2737. Calculate the remainder when h is divided by o(-32).
79
Let h(g) = -11*g - 157. Suppose 124 = 9*o - 20. What is the remainder when h(-21) is divided by o?
10
Suppose -2*y + 2431 = 5*c, 10*y = -c + 5*y + 500. Calculate the remainder when 980 is divided by c.
10
Let p = -3375 - -3643. Calculate the remainder when p is divided by 10.
8
Let q = 4185 - 3378. What is the remainder when q is divided by 30?
27
Let j(g) = 16*g**2 - 16*g - 39. Calculate the remainder when 1194 is divided by j(3).
54
Calculate the remainder when (125253/324)/(9/108) is divided by 58.
57
Suppose -7 = -b, -4*a + 242*b - 246*b + 664 = 0. What is the remainder when 245 is divided by a?
86
Let r = 36493 - 18686. What is the remainder when r is divided by 130?
127
Suppose 393 = 29*z - 970. Suppose c = 4*s + 8, 0 = s + 1 - 2. What is the remainder when z is divided by c?
11
Suppose 9*y = 2*h + 8*y - 45, 2*h = 2*y + 50. Suppose h = -4*m, 11*m = -4*r + 8*m + 701. What is the remainder when r is divided by 30?
29
Let p(l) = l + 34. Let k be p(-15). Let q be (-30)/285 - (-1218)/k. Suppose -q = -o - 3*j, 0*o + j + 162 = 3*o. Calculate the remainder when o is divided by 8.
7
Suppose 66 = 23*a - a. Suppose -a*l + 135 = -4*f, 14*f - 202 = -4*l + 12*f. Calculate the remainder when 79 is divided by l.
30
Let h(s) = 12*s**2 - 4. What is the remainder when h(3) is divided by (-2)/(-4) + (-7755)/(-282)?
20
Let x = 24 + -5. Let k = 71 - 62. Suppose k*y - 108 = -9*y. Calcula